emainder when 18 is divided by t?
4
Suppose -5*s = -s + 20, 0 = -2*j - s + 147. Calculate the remainder when 303 is divided by j.
75
Suppose -18*k - 5302 = -40*k. Calculate the remainder when k is divided by 51.
37
Suppose -13*f + 230 = -8*f. Let a = -27 + f. What is the remainder when a is divided by 11?
8
Let z(q) = -7*q + 20. What is the remainder when 75 is divided by z(0)?
15
Let a(d) = -d**3 - 8*d**2 - 6*d + 2. Let s be a(-7). Let u be 9/1 - 3 - -2. Let r = s + u. What is the remainder when 5 is divided by r?
2
Let o be ((-2)/4)/(2/(-20)). Let s = 84 + -20. Suppose 3*z - o*z = -s. Calculate the remainder when z is divided by 11.
10
Let j = 379 - 333. What is the remainder when j is divided by 18?
10
Suppose 2*a + 44 = 3*a. Let l(v) = v**3 - 4*v**2 + 15. What is the remainder when a is divided by l(4)?
14
Let i(n) = 8*n - 11. What is the remainder when i(13) is divided by 24?
21
Let g(t) = -t**3 - 16*t**2 + 18*t + 19. Let m be g(-17). Suppose 54 = m*r + 7*r. Let a(z) = -z**2 + 17. What is the remainder when a(0) is divided by r?
5
Let t(m) = -m**3 + 8*m**2 - 7*m + 3. Let a be 2/(-6)*-4 - (-868)/(-93). Calculate the remainder when t(5) is divided by (3 + -4)*(a + -3)/1.
10
Let y be (-144)/(-10) + (-10)/25. Let s = 0 + y. What is the remainder when s is divided by 8?
6
Let h be (6 - -21) + 2 + -1. Suppose h = 3*k - 47. Calculate the remainder when k is divided by 7.
4
Suppose 20 + 0 = s. Let m be 230/s - (-2)/4. Calculate the remainder when 15 is divided by m - (4 + (-6)/3).
5
Let l(z) = -z**2 - 17*z + 68. Calculate the remainder when 109 is divided by l(-17).
41
Let l be (3 + (-20)/8)*0. Suppose 2*m - 3*m + 5*d = -30, l = 4*m - 3*d - 35. Suppose 0 = 3*v + 2*v - 20. What is the remainder when m is divided by v?
1
Let q be 2/(-8) - (2 + (-3)/(-4)). What is the remainder when 231 is divided by (-24)/(-6) - 105/q?
36
Let a be (0 + 1)/((-9)/(-18)). Suppose -11 - 3 = -a*o. What is the remainder when 19 is divided by o?
5
Let q(m) = 5*m**2 - 6*m + 10. What is the remainder when 184 is divided by q(3)?
36
Let n be (-52)/(-3) - ((-25)/(-3) - 8). Suppose 112 = 3*x - n. What is the remainder when 127 is divided by x?
41
Let s(x) = x**3 - 2*x**2 - 5*x + 11. Let l(n) = -n**2 - 25*n - 8. What is the remainder when l(-9) is divided by s(4)?
21
Let n(q) = q**2 + 5*q - 4. Let v be n(-6). Let u = 18 - v. Suppose -92 = -4*o - 2*t + 28, 0 = -3*o - 5*t + 104. What is the remainder when o is divided by u?
12
Suppose -212 = q - 5*q. Suppose 5*n - 22 = 3*n. Let s = n - -3. Calculate the remainder when q is divided by s.
11
Calculate the remainder when 9 is divided by (4 + 1)*(-130)/(-325).
1
Let p be 5*1*(-1)/1. Let s(x) = -8*x - 2. Let k = -145 - -158. Calculate the remainder when s(p) is divided by k.
12
Let m(h) = 5*h**3 - 8*h**2 + 3*h + 3. What is the remainder when m(3) is divided by 41?
34
Let s(t) = -11*t + 69. What is the remainder when s(-7) is divided by 37?
35
Let s(x) = -x**3 - 13*x**2 + 3*x - 57. Calculate the remainder when s(-14) is divided by 20.
17
Calculate the remainder when (3 + -259)/(8/(-12)) is divided by 15.
9
Let o = 54 - 61. Let i(h) = -h**3 - 6*h**2 + 7*h + 6. What is the remainder when 11 is divided by i(o)?
5
Let u(a) = a**2 - a - 1. Let r be u(2). Let s(d) = 16*d + 4. Let t be s(r). Suppose 4*p = -8 + t. What is the remainder when 8 is divided by p?
2
Suppose x = -6*x + 28. Suppose 0 = x*h - s - 42, -2*h + 5*s = -6*h + 54. What is the remainder when 42 is divided by h?
9
Suppose 0 = 5*q - 6*q + 23. Let u = 1166 - 1075. What is the remainder when u is divided by q?
22
Suppose -56 = -5*l + 5*d + 44, -l - 4*d + 30 = 0. Suppose 364 = -l*c + 26*c. Calculate the remainder when c is divided by 24.
19
Let l be -2 + 7/((-7)/(-18)). Suppose -l*c + 11*c = -350. Calculate the remainder when c is divided by 24.
22
Let v = 848 + 390. Calculate the remainder when v is divided by 31.
29
Let k(d) = d**3 + 8*d**2 + 4*d + 52. Calculate the remainder when (-175)/(-2)*(-4)/(-5) is divided by k(-8).
10
Let p(c) = -5*c**2 - 10*c + 1. Let y(r) = 2*r**2 + r. Let x(v) = -p(v) - 2*y(v). What is the remainder when 19 is divided by x(-9)?
3
Suppose -10 = 3*j + 2*j. Suppose 5*w - k + 22 = 122, 5*w = 3*k + 90. Calculate the remainder when w is divided by (-3)/(-1) - 18/j.
9
Let j = -122 - -222. Let n = j + -27. Calculate the remainder when n is divided by 19/(-4)*-2*2.
16
Let s = -237 - -247. What is the remainder when 47 is divided by s?
7
Let u = -21 + 99. Let a(p) = -17*p + 10. What is the remainder when u is divided by a(-1)?
24
Suppose -13*n = -15*n + 6. Let r be (0 + 39)/n*1. What is the remainder when 22 is divided by r + -9 + (-4)/(-2)?
4
Suppose 6*x = 8*x + 8. Let z = 22 + x. What is the remainder when z is divided by 10?
8
Let c(v) = -2*v + 14. Let l be c(6). Suppose -44 = -4*z + x - 5, -l*z + 42 = 4*x. Calculate the remainder when 4/14 + 414/21 is divided by z.
9
Let b = 15 + -2. Let t(w) = -w**2 + 5*w + 9. Let k be t(6). Calculate the remainder when k + (37 - (-4 + 6)) is divided by b.
12
Let l = -35 - -38. Let n(m) = -m**2 + 7*m - 1. What is the remainder when 65 is divided by n(l)?
10
Suppose 4*g - 6*n + 7*n = 1397, 699 = 2*g + n. Calculate the remainder when g is divided by 22.
19
Let x(b) = 32*b + 342. Calculate the remainder when x(-7) is divided by 6.
4
What is the remainder when (-15)/(-12) + 2871/116 is divided by 7?
5
Suppose 81 - 21 = 6*j. Suppose -j = 2*p, 3*p - 65 = -5*m - 0*p. Calculate the remainder when m is divided by 9.
7
Suppose -z = -9 - 3. Suppose -72 = -5*s - z. Let b = 45 + 1. What is the remainder when b is divided by s?
10
What is the remainder when 53 is divided by (-10)/(-4) + -3 - (-43)/2?
11
Suppose -3*z = -3*n + 2 - 20, 0 = -4*n. Let v = z - 11. Let d = v + 7. Calculate the remainder when d is divided by 1.
0
Let p(z) = 2*z**2 - 11*z + 36. Suppose 21 = -5*r + 106. Calculate the remainder when p(5) is divided by r.
14
Suppose -p = -4*p + 273. Suppose -x + 51 = 2*d, -4*x = 3*d - p + 12. Let a = -626 - -700. What is the remainder when a is divided by d?
24
Let y(n) = 2*n**2 - 17*n - 24. Let z be y(10). Calculate the remainder when ((-3)/z)/(2 - 394/196) is divided by 26.
23
Let r(f) be the third derivative of -f**5/60 - f**4/3 + 5*f**3/6 - 12*f**2. What is the remainder when 11 is divided by r(-8)?
1
Let s = -146 - -160. What is the remainder when 66 is divided by s?
10
Let b(a) = -6*a**2 + a + 9. Let c(z) = -5*z**2 + 2*z + 8. Let r(s) = -4*b(s) + 5*c(s). Let h be r(6). What is the remainder when 7 + (-4)/h + 3 is divided by 2?
1
Let c = -130 - -88. Let p = c + 43. Calculate the remainder when 6/(-21) - (-18)/14 is divided by p.
0
Let p(g) = -g**2 - 3*g + 6. Let t be p(-5). Let v(l) = -l + 2. Let f be v(t). What is the remainder when 19 is divided by 28/3 - f/(-9)?
9
Suppose 4 = 3*s - 2. Suppose -2*m + 28 = s*m. What is the remainder when 8 is divided by m?
1
Let b = 165 - 160. What is the remainder when -1 - -5 - (-22 - 1) is divided by b?
2
Suppose -2*a + 1444 = -5*o, 4*o - 2*o = -4*a + 2912. Calculate the remainder when a is divided by 26.
25
Let d = 11 - 7. Suppose k = -d*k + 45. Suppose -5*h = -k - 86. What is the remainder when h is divided by 11?
8
Let z be (26 - 3) + 0 + 1. Suppose 4*j - 4*d - z = -0*j, -2*d - 8 = 0. Let s(f) = -f**3 - 2*f**2 + 2*f + 6. What is the remainder when j is divided by s(-2)?
0
Suppose -v = v - 330. Suppose -s - v = -6*s. Let q(g) = -g**3 - g**2 + 18*g + 45. What is the remainder when s is divided by q(-3)?
6
Suppose 8*i = s + 5*i - 11, 4*s + 4*i - 44 = 0. What is the remainder when 140 is divided by s?
8
Calculate the remainder when (79*(-32)/56)/((-2)/7) is divided by 16.
14
Suppose -5*l - 18 = -3. Calculate the remainder when (1/2)/(l/(-42)) is divided by 2.
1
Suppose 5*x - s = 35, 5*s = 4*s + 5. Let i = 115 + -73. Suppose 0 = -3*z + t + i, -2*z - t - 12 = -3*z. Calculate the remainder when z is divided by x.
7
Let d be 831/27 - 8/(-36). Let w(k) = 3*k + 7. Let h be w(-5). What is the remainder when 109 is divided by d + 0 + (h - -5)?
25
Let b = -879 + 907. What is the remainder when 416 is divided by b?
24
Suppose -3*c = -b + 129 + 65, 4*c = 2*b - 260. Let y = c - -84. Suppose -172 + 20 = -4*r. What is the remainder when r is divided by y?
18
Let g = 95 + -26. Let i = -32 + g. What i